the remainder when 1520689 is divided by 32355.
4
What is the remainder when 36586 is divided by 173?
83
Calculate the remainder when 192365007 is divided by 457.
454
Calculate the remainder when 7185834 is divided by 1796458.
2
What is the remainder when 4596703 is divided by 1479?
1450
Calculate the remainder when 732371982 is divided by 15.
12
What is the remainder when 97728405 is divided by 8841?
8832
What is the remainder when 2938603 is divided by 2300?
1503
What is the remainder when 257298339 is divided by 4436178?
15
What is the remainder when 10373715 is divided by 20706?
9
What is the remainder when 14086953 is divided by 7590?
7503
What is the remainder when 28772 is divided by 351?
341
Calculate the remainder when 322191 is divided by 13419.
135
What is the remainder when 278556 is divided by 27776?
796
Calculate the remainder when 662174668 is divided by 311.
310
What is the remainder when 168898 is divided by 793?
782
Calculate the remainder when 8117689 is divided by 1915.
4
What is the remainder when 5794499 is divided by 234?
191
What is the remainder when 1282179 is divided by 44?
19
Calculate the remainder when 20023 is divided by 6551.
370
What is the remainder when 1722039 is divided by 227?
17
What is the remainder when 307787548 is divided by 42?
40
What is the remainder when 52881 is divided by 784?
353
What is the remainder when 1381216 is divided by 988?
980
What is the remainder when 44893799 is divided by 1225?
1224
What is the remainder when 169322 is divided by 4715?
4297
What is the remainder when 126288075 is divided by 1439?
1435
Calculate the remainder when 300452316 is divided by 8068.
8064
Calculate the remainder when 5668611 is divided by 2127.
156
Calculate the remainder when 39380139 is divided by 33.
18
Calculate the remainder when 2396731 is divided by 10894.
51
What is the remainder when 25454167 is divided by 5?
2
What is the remainder when 1180842 is divided by 674?
668
What is the remainder when 110624 is divided by 159?
119
What is the remainder when 34099 is divided by 8457?
271
Calculate the remainder when 414863884 is divided by 6.
4
Calculate the remainder when 79047631 is divided by 627362.
19
Calculate the remainder when 27426100 is divided by 13713050.
0
What is the remainder when 91314 is divided by 5839?
3729
What is the remainder when 3295687 is divided by 375?
187
Calculate the remainder when 3497623 is divided by 29.
20
What is the remainder when 113227 is divided by 4714?
91
What is the remainder when 1584856 is divided by 2877?
2506
What is the remainder when 290867 is divided by 144?
131
Calculate the remainder when 1774697 is divided by 616.
1
Calculate the remainder when 8878256 is divided by 30.
26
What is the remainder when 1416849 is divided by 1416845?
4
Calculate the remainder when 46018455 is divided by 76.
75
What is the remainder when 411164 is divided by 20511?
944
Calculate the remainder when 331260 is divided by 553.
13
What is the remainder when 7006466 is divided by 36492?
2
Calculate the remainder when 1508708 is divided by 4667.
1267
Calculate the remainder when 1400949 is divided by 5076.
5049
What is the remainder when 1029602 is divided by 606?
8
What is the remainder when 317622 is divided by 120?
102
Calculate the remainder when 6374421 is divided by 51.
33
Calculate the remainder when 35129 is divided by 680.
449
Calculate the remainder when 374446 is divided by 92862.
2998
Calculate the remainder when 55980 is divided by 6969.
228
Calculate the remainder when 3644751 is divided by 868.
19
Calculate the remainder when 2018951 is divided by 289.
286
Calculate the remainder when 3898682 is divided by 64.
58
What is the remainder when 33215 is divided by 32807?
408
Calculate the remainder when 1012769 is divided by 5064.
5033
What is the remainder when 178815910 is divided by 14?
0
Calculate the remainder when 7218622 is divided by 3655.
3652
Calculate the remainder when 22969 is divided by 11443.
83
Calculate the remainder when 19007 is divided by 466.
367
What is the remainder when 2873024 is divided by 4219?
4104
Calculate the remainder when 445282572 is divided by 285.
282
Calculate the remainder when 422838 is divided by 1712.
1686
Calculate the remainder when 37067 is divided by 9254.
51
Calculate the remainder when 427356719 is divided by 720.
719
Calculate the remainder when 5590049 is divided by 4582.
9
Calculate the remainder when 8865940 is divided by 1878.
1780
Calculate the remainder when 9511937 is divided by 151.
145
What is the remainder when 362491 is divided by 19077?
28
What is the remainder when 2843140 is divided by 1766?
1646
Calculate the remainder when 1516397 is divided by 6567.
5987
Calculate the remainder when 44895 is divided by 11183.
163
What is the remainder when 2131092 is divided by 536?
492
Calculate the remainder when 939169 is divided by 3162.
55
Calculate the remainder when 165586 is divided by 16524.
346
Calculate the remainder when 112504 is divided by 56213.
78
What is the remainder when 114773111 is divided by 59?
57
What is the remainder when 5004911 is divided by 5004761?
150
Calculate the remainder when 257684 is divided by 61.
20
What is the remainder when 197799 is divided by 1465?
24
What is the remainder when 76298 is divided by 9508?
234
What is the remainder when 3148143 is divided by 385?
383
What is the remainder when 165045 is divided by 124?
1
Calculate the remainder when 83204 is divided by 4096.
1284
What is the remainder when 298080 is divided by 74470?
200
What is the remainder when 1075 is divided by 447?
181
What is the remainder when 22881996 is divided by 29872?
44
What is the remainder when 7218 is divided by 2589?
2040
What is the remainder when 2619193 is divided by 15139?
146
Calculate the remainder when 332864734 is divided by 9.
4
Calculate the remainder when 23092684 is divided by 583.
54
Calculate the remainder when 134886 is divided by 22444.
222
What is the remainder when 3086111 is divided by 372?
371
Calculate the remainder when 649582 is divided by 1385.
17
What is the remainder when 70984 is divided by 3676?
1140
Calculate the remainder when 971529 is divided by 1735.
1664
What is the remainder when 20390798 is divided by 96183?
2
What is the remainder when 35395972 is divided by 61?
51
What is the remainder when 1585936 is divided by 792952?
32
What is the remainder when 632340 is divided by 45?
0
Calculate the remainder when 532785 is divided by 150.
135
Calculate the remainder when 831062 is divided by 3149.
2875
Calculate the remainder when 337562 is divided by 14669.
175
What is the remainder when 1850675 is divided by 584?
563
What is the remainder when 38902 is divided by 402?
310
What is the remainder when 155124 is divided by 172?
152
What is the remainder when 1688722 is divided by 4897?
4154
Calculate the remainder when 52302877 is divided by 4592.
4589
Calculate the remainder when 51463 is divided by 1118.
35
What is the remainder when 14087269 is divided by 164?
161
What is the remainder when 3686480 is divided by 5689?
8
Calculate the remainder when 790359 is divided by 79012.
239
What is the remainder when 142356 is divided by 647?
16
Calculate the remainder when 267064 is divided by 15703.
113
What is the remainder when 2316827 is divided by 289577?
211
What is the remainder when 12471965 is divided by 675?
665
What is the remainder when 425655 is divided by 180?
135
Calculate the remainder when 125373 is divided by 1706.
835
What is the remainder when 974079 is divided by 23?
6
What is the remainder when 240432 is divided by 33051?
9075
Calculate the remainder when 37182 is divided by 36711.
471
Calculate the remainder when 92665 is divided by 11580.
25
Calculate the remainder when 306672 is divided by 896.
240
What is the remainder when 1185892 is divided by 28918?
254
What is the remainder when 147117 is divided by 81?
21
What is the remainder when 213781 is divided by 2250?
31
What is the remainder when 693309 is divided by 178?
177
What is the remainder when 8942543 is divided by 241?
238
What is the remainder when 3206422 is divided by 106875?
172
What is the remainder when 171454 is divided by 85725?
4
Calculate the remainder when 16526157 is divided by 60.
57